{"id":12171,"date":"2021-05-06T20:49:44","date_gmt":"2021-05-06T18:49:44","guid":{"rendered":"https:\/\/staging.diocesitn.it\/area-annuncio\/?page_id=12171"},"modified":"2021-05-14T12:29:32","modified_gmt":"2021-05-14T10:29:32","slug":"bacheca-passi-di-prossimita","status":"publish","type":"page","link":"https:\/\/staging.diocesitn.it\/area-annuncio\/bacheca-passi-di-prossimita\/","title":{"rendered":"Bacheca Passi di prossimit\u00e0"},"content":{"rendered":"<noscript class=\"ninja-forms-noscript-message\">\n\tAvviso: JavaScript \u00e8 obbligatorio per questo contenuto.<\/noscript>\n<div id=\"nf-form-5-cont\" class=\"nf-form-cont\" aria-live=\"polite\" aria-labelledby=\"nf-form-title-5\" aria-describedby=\"nf-form-errors-5\" role=\"form\">\n\n    <div class=\"nf-loading-spinner\"><\/div>\n\n<\/div>\n        <!-- That data is being printed as a workaround to page builders reordering the order of the scripts loaded-->\n        <script>var formDisplay=1;var nfForms=nfForms||[];var form=[];form.id='5';form.settings={\"objectType\":\"Form Setting\",\"editActive\":true,\"title\":\"Esperienze, riflessioni, proposte sui Passi di prossimit\\u00e0\",\"show_title\":0,\"allow_public_link\":0,\"public_link\":\"https:\\\/\\\/staging.diocesitn.it\\\/area-annuncio\\\/ninja-forms\\\/5993p\",\"embed_form\":\"\",\"clear_complete\":1,\"hide_complete\":1,\"default_label_pos\":\"above\",\"wrapper_class\":\"\",\"element_class\":\"\",\"key\":\"\",\"add_submit\":0,\"changeEmailErrorMsg\":\"Immetti un indirizzo email valido.\",\"changeDateErrorMsg\":\"Please enter a valid date!\",\"confirmFieldErrorMsg\":\"Questi campi devono corrispondere.\",\"fieldNumberNumMinError\":\"Errore numero min\",\"fieldNumberNumMaxError\":\"Errore numero max\",\"fieldNumberIncrementBy\":\"Incrementa di \",\"formErrorsCorrectErrors\":\"Correggi gli errori prima di inviare il form.\",\"validateRequiredField\":\"Campo obbligatorio.\",\"honeypotHoneypotError\":\"Errore Honeypot\",\"fieldsMarkedRequired\":\"I campi contrassegnati con <span class=\\\"ninja-forms-req-symbol\\\">*<\\\/span> sono obbligatori.\",\"currency\":\"\",\"unique_field_error\":\"A form with this value has already been submitted.\",\"logged_in\":false,\"not_logged_in_msg\":\"\",\"sub_limit_msg\":\"The form has reached its submission limit.\",\"calculations\":[],\"formContentData\":[\"esperienze_riflessioni_idee_da_condividere_1616597889721\",\"submit_1616169990846\"],\"drawerDisabled\":false,\"public_link_key\":\"5993p\",\"repeatable_fieldsets\":\"\",\"ninjaForms\":\"Ninja Forms\",\"fieldTextareaRTEInsertLink\":\"Inserisci link\",\"fieldTextareaRTEInsertMedia\":\"Inserisci media\",\"fieldTextareaRTESelectAFile\":\"Seleziona un file\",\"formHoneypot\":\"Se sei un essere umano e vedi questo campo, lascialo vuoto.\",\"fileUploadOldCodeFileUploadInProgress\":\"Caricamento file in corso.\",\"fileUploadOldCodeFileUpload\":\"CARICAMENTO FILE\",\"currencySymbol\":\"&euro;\",\"thousands_sep\":\".\",\"decimal_point\":\",\",\"siteLocale\":\"it_IT\",\"dateFormat\":\"d\\\/m\\\/Y\",\"startOfWeek\":\"1\",\"of\":\"di\",\"previousMonth\":\"Previous Month\",\"nextMonth\":\"Next Month\",\"months\":[\"January\",\"February\",\"March\",\"April\",\"May\",\"June\",\"July\",\"August\",\"September\",\"October\",\"November\",\"December\"],\"monthsShort\":[\"Jan\",\"Feb\",\"Mar\",\"Apr\",\"May\",\"Jun\",\"Jul\",\"Aug\",\"Sep\",\"Oct\",\"Nov\",\"Dec\"],\"weekdays\":[\"Sunday\",\"Monday\",\"Tuesday\",\"Wednesday\",\"Thursday\",\"Friday\",\"Saturday\"],\"weekdaysShort\":[\"Sun\",\"Mon\",\"Tue\",\"Wed\",\"Thu\",\"Fri\",\"Sat\"],\"weekdaysMin\":[\"Su\",\"Mo\",\"Tu\",\"We\",\"Th\",\"Fr\",\"Sa\"],\"recaptchaConsentMissing\":\"reCaptcha validation couldn&#039;t load.\",\"recaptchaMissingCookie\":\"reCaptcha v3 validation couldn&#039;t load the cookie needed to submit the form.\",\"recaptchaConsentEvent\":\"Accept reCaptcha cookies before sending the form.\",\"currency_symbol\":\"\",\"beforeForm\":\"\",\"beforeFields\":\"\",\"afterFields\":\"\",\"afterForm\":\"\"};form.fields=[{\"objectType\":\"Field\",\"objectDomain\":\"fields\",\"editActive\":false,\"order\":2,\"idAttribute\":\"id\",\"type\":\"textarea\",\"label\":\"Esperienze, riflessioni, idee da condividere\",\"key\":\"esperienze_riflessioni_idee_da_condividere_1616597889721\",\"label_pos\":\"above\",\"required\":1,\"default\":\"\",\"placeholder\":\"Scrivi qualcosa...\",\"container_class\":\"\",\"element_class\":\"\",\"input_limit\":\"\",\"input_limit_type\":\"characters\",\"input_limit_msg\":\"Caratteri rimasti\",\"manual_key\":false,\"admin_label\":\"\",\"help_text\":\"\",\"textarea_rte\":\"\",\"disable_rte_mobile\":\"\",\"textarea_media\":\"\",\"value\":\"\",\"drawerDisabled\":false,\"id\":62,\"beforeField\":\"\",\"afterField\":\"\",\"parentType\":\"textarea\",\"element_templates\":[\"textarea\",\"input\"],\"old_classname\":\"\",\"wrap_template\":\"wrap\"},{\"objectType\":\"Field\",\"objectDomain\":\"fields\",\"editActive\":false,\"order\":3,\"idAttribute\":\"id\",\"label\":\"Invia\",\"type\":\"submit\",\"processing_label\":\"Trattamento\",\"container_class\":\"\",\"element_class\":\"button\",\"key\":\"submit_1616169990846\",\"drawerDisabled\":false,\"id\":63,\"beforeField\":\"\",\"afterField\":\"\",\"value\":\"\",\"label_pos\":\"above\",\"parentType\":\"textbox\",\"element_templates\":[\"submit\",\"button\",\"input\"],\"old_classname\":\"\",\"wrap_template\":\"wrap-no-label\"}];nfForms.push(form);<\/script>\n        \n<p><strong>Un&#8217;occasione per mettermi in gioco nell&#8217;aiuto<\/strong><br \/>\nDa gennaio aiuto un ragazzo di tredici anni di origine straniera a studiare e a fare i compiti. Sono molto entusiasta del lavoro che stiamo svolgendo insieme perch\u00e9 i suoi risultati sono molto migliorati. Ma soprattutto sono molto felice del rapporto che si \u00e8 creato con lui. Per me \u00e8 diventato un po&#8217; il mio fratellino minore, il mio amico di risate. Lui parla molto volentieri con me, esprime le sue curiosit\u00e0 riempiendomi di domande, mi chiede consigli e mi ascolta. Con la sua famiglia si \u00e8 creato un bel rapporto di amicizia.<br \/>\nAnche con l&#8217;insegnante di riferimento abbiamo creato un&#8217;amicizia: ci sentiamo per gli esercizi, c&#8217;\u00e8 un bel dialogo su come portar avanti gli studi e un confronto su come migliorare le doti del ragazzo.<br \/>\nPer me, avendo la possibilit\u00e0 di mettere a disposizione il mio tempo libero in questo progetto, \u00e8 stata una grandissima occasione di mettermi in gioco nell&#8217;aiuto. All&#8217;inizio avevo qualche perplessit\u00e0 su come poter fare con i compiti, su come preparare le cose da fare insieme, invece poi tutto \u00e8 venuto naturalmente e devo dire che \u00e8 stato anche il mio ragazzo ad aiutarmi creando un bellissimo rapporto.&#8221; (Margherita)<\/p>\n<p><strong>Aiutare chi non vuole farsi aiutare?<br \/>\n<\/strong>L&#8217;esperienza di servizio nell&#8217;aiuto compiti con due ragazzi che non hanno collaborato, ha fatto nascere in Elisa questa considerazione, che desidera condividere: &#8220;Aiutare le persone che non vogliono farsi aiutare pone degli interrogativi: dobbiamo insistere e cercare di cambiare le cose ad ogni costo o accettare il fatto che alcune persone non sono pronte per intraprendere un percorso personale di crescita? Non esiste una risposta giusta ed una sbagliata a questo dilemma, sar\u00e0 il nostro istinto a guidarci. Non dobbiamo aver paura di gettare la spugna e indirizzare le nostre energie l\u00e0 dove possiamo avere maggior successo.&#8221; (Elisa)<\/p>\n<p><strong>In ascolto di preziosi racconti di vita<\/strong><br \/>\nIl servizio che ho scelto \u00e8 quello di effettuare delle chiamate a delle persone anziane, che in questo periodo vivono particolarmente la solitudine e la mancanza di relazioni.<br \/>\n<em>Questo servizio mi sta dando tanto. Le persone, che sento al telefono, mi stanno donando alcuni pezzi delle loro storie di vita uniche e irripetibili.<\/em> \u00c8 molto bello sentire i loro preziosi racconti. Inoltre, stanno maturando delle relazioni significative basate sull\u2019ascolto reciproco e sulla narrazione di s\u00e9. Spero un giorno, quando sar\u00e0 finita l\u2019emergenza sanitaria in corso, di conoscere in presenza gli anziani ai quali telefono.<\/p>\n<p><strong>Una scuola di generosit\u00e0, impegno, empatia<\/strong><br \/>\nSono Maria, una studentessa di 25 anni prossima alla laurea in Medicina. Circa un mese fa presso il CedAs di Rovereto ho iniziato il servizio a seguito dell\u2019appello del vescovo Lauro; ho visto nell\u2019appello del Vescovo un\u2019opportunit\u00e0 per svolgere qualcosa di diverso da quello che \u00e8 l\u2019impegno richiesto dall\u2019universit\u00e0. (&#8230;) Il servizio svolto presso il CedAs pu\u00f2 servire da scuola di generosit\u00e0, impegno per il prossimo ed empatia, qualit\u00e0 che ritengo necessarie in ogni ambito, professionale e non. A tutto questo non pu\u00f2 certo mancare quel sentirsi \u201cutile\u201d di cui, ammettiamolo, ognuno di noi ha bisogno. Ad esempio, in questo mese ho seguito una famiglia che aveva difficolt\u00e0 a comprendere ma soprattutto a parlare l\u2019italiano, dato che al loro seconda lingua \u00e8 l\u2019inglese. Avendo una padronanza discreta di tale lingua, ho preso da subito in carico e a cuore le loro richieste e la mia pi\u00f9 gande soddisfazione \u00e8 stata vedere che loro contavano su di me e sul mio aiuto, pur essendo io una \u201cnovellina\u201d nell\u2019ambito. Ovviamente per questi due giovani genitori sono state organizzate anche delle lezioni di italiano, perch\u00e9, come mi hanno insegnato qui, \u201csi cerca di trovare delle soluzioni ma si cerca anche di accompagnare le persone verso l\u2019autonomia\u201d. Se dovessi quindi commentare la mia esperienza userei una parola sola: serena. Serena perch\u00e9 \u00e8 cos\u00ec che mi sento quando due pomeriggi a settimana entro dal portone in legno di via Setaioli, e perch\u00e9 \u00e8 di nuovo serena mi sesto quando torno a casa dopo qualche ora di servizio. (Maria)<\/p>\n<p><strong>Il dono del tempo<\/strong><br \/>\nL&#8217;esperienza di volontariato alla Caritas mi ha permesso di conoscere una realt\u00e0 nuova nella quale ho avuto modo di entrare in contatto e ascoltare persone in difficolt\u00e0 economica. I vissuti e i racconti degli utenti mi hanno fatto riflettere e mi hanno resa pi\u00f9 consapevole della situazione di emergenza che stiamo vivendo e di quante famiglie si ritrovino in uno stato di disagio economico e sociale. Inoltre, ho conosciuto persone nuove e ho imparato a collaborare con i vari operatori che si sono sempre mostrati gentili e disponibili nei miei confronti. <em>Ancora una volta mi sono resa conto che donare del proprio tempo gratuitamente ti rende pi\u00f9 felice e ti fa sentire utile per qualcuno<\/em>. (Marta)<\/p>\n","protected":false},"excerpt":{"rendered":"<p>Un&#8217;occasione per mettermi in gioco nell&#8217;aiuto Da gennaio aiuto un ragazzo di tredici anni di origine straniera a studiare e a fare i compiti. Sono molto entusiasta del lavoro che stiamo svolgendo insieme perch\u00e9 i<\/p>\n","protected":false},"author":30,"featured_media":0,"parent":0,"menu_order":0,"comment_status":"closed","ping_status":"closed","template":"page-templates\/full-width.php","meta":{"footnotes":""},"class_list":["post-12171","page","type-page","status-publish","hentry"],"acf":{"seed-localization-paese-cod":"IT","seed-localization-address":"","seed-localization-citta":"Trento","seed-localization-regione-cod-istat":"04","seed-localization-citta-cod-istat":"022205","seed-localization-localita":"","seed-localization-cap":"","seed-localization-marker-visibility":false,"seed-localization-children-visibility":false,"seed-localization-kml":"","seed-localization-custom-marker":""},"yoast_head":"<!-- This site is optimized with the Yoast SEO plugin v22.2 - https:\/\/yoast.com\/wordpress\/plugins\/seo\/ -->\n<title>Bacheca Passi di prossimit\u00e0 - Annuncio e Sacramenti<\/title>\n<meta name=\"robots\" content=\"index, follow, max-snippet:-1, max-image-preview:large, max-video-preview:-1\" \/>\n<link rel=\"canonical\" href=\"https:\/\/staging.diocesitn.it\/area-annuncio\/bacheca-passi-di-prossimita\/\" \/>\n<meta property=\"og:locale\" content=\"it_IT\" \/>\n<meta property=\"og:type\" content=\"article\" \/>\n<meta property=\"og:title\" content=\"Bacheca Passi di prossimit\u00e0 - Annuncio e Sacramenti\" \/>\n<meta property=\"og:description\" content=\"Un&#8217;occasione per mettermi in gioco nell&#8217;aiuto Da gennaio aiuto un ragazzo di tredici anni di origine straniera a studiare e a fare i compiti. Sono molto entusiasta del lavoro che stiamo svolgendo insieme perch\u00e9 i\" \/>\n<meta property=\"og:url\" content=\"https:\/\/staging.diocesitn.it\/area-annuncio\/bacheca-passi-di-prossimita\/\" \/>\n<meta property=\"og:site_name\" content=\"Annuncio e Sacramenti\" \/>\n<meta property=\"article:publisher\" content=\"https:\/\/www.facebook.com\/pastoralegiovanile.trento\/\" \/>\n<meta property=\"article:modified_time\" content=\"2021-05-14T10:29:32+00:00\" \/>\n<meta property=\"og:image\" content=\"https:\/\/staging.diocesitn.it\/area-annuncio\/wp-content\/uploads\/sites\/39\/2021\/09\/og-logo-annuncio-e-sacramenti.jpg\" \/>\n\t<meta property=\"og:image:width\" content=\"1200\" \/>\n\t<meta property=\"og:image:height\" content=\"630\" \/>\n\t<meta property=\"og:image:type\" content=\"image\/jpeg\" \/>\n<meta name=\"twitter:card\" content=\"summary_large_image\" \/>\n<meta name=\"twitter:label1\" content=\"Tempo di lettura stimato\" \/>\n\t<meta name=\"twitter:data1\" content=\"4 minuti\" \/>\n<script type=\"application\/ld+json\" class=\"yoast-schema-graph\">{\"@context\":\"https:\/\/schema.org\",\"@graph\":[{\"@type\":\"WebPage\",\"@id\":\"https:\/\/staging.diocesitn.it\/area-annuncio\/bacheca-passi-di-prossimita\/\",\"url\":\"https:\/\/staging.diocesitn.it\/area-annuncio\/bacheca-passi-di-prossimita\/\",\"name\":\"Bacheca Passi di prossimit\u00e0 - Annuncio e Sacramenti\",\"isPartOf\":{\"@id\":\"https:\/\/staging.diocesitn.it\/area-annuncio\/#website\"},\"datePublished\":\"2021-05-06T18:49:44+00:00\",\"dateModified\":\"2021-05-14T10:29:32+00:00\",\"breadcrumb\":{\"@id\":\"https:\/\/staging.diocesitn.it\/area-annuncio\/bacheca-passi-di-prossimita\/#breadcrumb\"},\"inLanguage\":\"it-IT\",\"potentialAction\":[{\"@type\":\"ReadAction\",\"target\":[\"https:\/\/staging.diocesitn.it\/area-annuncio\/bacheca-passi-di-prossimita\/\"]}]},{\"@type\":\"BreadcrumbList\",\"@id\":\"https:\/\/staging.diocesitn.it\/area-annuncio\/bacheca-passi-di-prossimita\/#breadcrumb\",\"itemListElement\":[{\"@type\":\"ListItem\",\"position\":1,\"name\":\"Home\",\"item\":\"https:\/\/staging.diocesitn.it\/area-annuncio\/\"},{\"@type\":\"ListItem\",\"position\":2,\"name\":\"Bacheca Passi di prossimit\u00e0\"}]},{\"@type\":\"WebSite\",\"@id\":\"https:\/\/staging.diocesitn.it\/area-annuncio\/#website\",\"url\":\"https:\/\/staging.diocesitn.it\/area-annuncio\/\",\"name\":\"Annuncio e Sacramenti\",\"description\":\"Chiesa di Trento\",\"publisher\":{\"@id\":\"https:\/\/staging.diocesitn.it\/area-annuncio\/#organization\"},\"potentialAction\":[{\"@type\":\"SearchAction\",\"target\":{\"@type\":\"EntryPoint\",\"urlTemplate\":\"https:\/\/staging.diocesitn.it\/area-annuncio\/?s={search_term_string}\"},\"query-input\":\"required name=search_term_string\"}],\"inLanguage\":\"it-IT\"},{\"@type\":\"Organization\",\"@id\":\"https:\/\/staging.diocesitn.it\/area-annuncio\/#organization\",\"name\":\"Area Annuncio e Sacramenti - Chiesa di Trento\",\"url\":\"https:\/\/staging.diocesitn.it\/area-annuncio\/\",\"logo\":{\"@type\":\"ImageObject\",\"inLanguage\":\"it-IT\",\"@id\":\"https:\/\/staging.diocesitn.it\/area-annuncio\/#\/schema\/logo\/image\/\",\"url\":\"https:\/\/staging.diocesitn.it\/area-annuncio\/wp-content\/uploads\/sites\/39\/2021\/09\/og-logo-annuncio-e-sacramenti.jpg\",\"contentUrl\":\"https:\/\/staging.diocesitn.it\/area-annuncio\/wp-content\/uploads\/sites\/39\/2021\/09\/og-logo-annuncio-e-sacramenti.jpg\",\"width\":1200,\"height\":630,\"caption\":\"Area Annuncio e Sacramenti - Chiesa di Trento\"},\"image\":{\"@id\":\"https:\/\/staging.diocesitn.it\/area-annuncio\/#\/schema\/logo\/image\/\"},\"sameAs\":[\"https:\/\/www.facebook.com\/pastoralegiovanile.trento\/\",\"https:\/\/www.instagram.com\/pastoralegiovaniletrento\/\",\"https:\/\/www.youtube.com\/channel\/UCGt7hyJaIQIkrQPos4K6L6w\"]}]}<\/script>\n<!-- \/ Yoast SEO plugin. -->","yoast_head_json":{"title":"Bacheca Passi di prossimit\u00e0 - Annuncio e Sacramenti","robots":{"index":"index","follow":"follow","max-snippet":"max-snippet:-1","max-image-preview":"max-image-preview:large","max-video-preview":"max-video-preview:-1"},"canonical":"https:\/\/staging.diocesitn.it\/area-annuncio\/bacheca-passi-di-prossimita\/","og_locale":"it_IT","og_type":"article","og_title":"Bacheca Passi di prossimit\u00e0 - Annuncio e Sacramenti","og_description":"Un&#8217;occasione per mettermi in gioco nell&#8217;aiuto Da gennaio aiuto un ragazzo di tredici anni di origine straniera a studiare e a fare i compiti. Sono molto entusiasta del lavoro che stiamo svolgendo insieme perch\u00e9 i","og_url":"https:\/\/staging.diocesitn.it\/area-annuncio\/bacheca-passi-di-prossimita\/","og_site_name":"Annuncio e Sacramenti","article_publisher":"https:\/\/www.facebook.com\/pastoralegiovanile.trento\/","article_modified_time":"2021-05-14T10:29:32+00:00","og_image":[{"width":1200,"height":630,"url":"https:\/\/staging.diocesitn.it\/area-annuncio\/wp-content\/uploads\/sites\/39\/2021\/09\/og-logo-annuncio-e-sacramenti.jpg","type":"image\/jpeg"}],"twitter_card":"summary_large_image","twitter_misc":{"Tempo di lettura stimato":"4 minuti"},"schema":{"@context":"https:\/\/schema.org","@graph":[{"@type":"WebPage","@id":"https:\/\/staging.diocesitn.it\/area-annuncio\/bacheca-passi-di-prossimita\/","url":"https:\/\/staging.diocesitn.it\/area-annuncio\/bacheca-passi-di-prossimita\/","name":"Bacheca Passi di prossimit\u00e0 - Annuncio e Sacramenti","isPartOf":{"@id":"https:\/\/staging.diocesitn.it\/area-annuncio\/#website"},"datePublished":"2021-05-06T18:49:44+00:00","dateModified":"2021-05-14T10:29:32+00:00","breadcrumb":{"@id":"https:\/\/staging.diocesitn.it\/area-annuncio\/bacheca-passi-di-prossimita\/#breadcrumb"},"inLanguage":"it-IT","potentialAction":[{"@type":"ReadAction","target":["https:\/\/staging.diocesitn.it\/area-annuncio\/bacheca-passi-di-prossimita\/"]}]},{"@type":"BreadcrumbList","@id":"https:\/\/staging.diocesitn.it\/area-annuncio\/bacheca-passi-di-prossimita\/#breadcrumb","itemListElement":[{"@type":"ListItem","position":1,"name":"Home","item":"https:\/\/staging.diocesitn.it\/area-annuncio\/"},{"@type":"ListItem","position":2,"name":"Bacheca Passi di prossimit\u00e0"}]},{"@type":"WebSite","@id":"https:\/\/staging.diocesitn.it\/area-annuncio\/#website","url":"https:\/\/staging.diocesitn.it\/area-annuncio\/","name":"Annuncio e Sacramenti","description":"Chiesa di Trento","publisher":{"@id":"https:\/\/staging.diocesitn.it\/area-annuncio\/#organization"},"potentialAction":[{"@type":"SearchAction","target":{"@type":"EntryPoint","urlTemplate":"https:\/\/staging.diocesitn.it\/area-annuncio\/?s={search_term_string}"},"query-input":"required name=search_term_string"}],"inLanguage":"it-IT"},{"@type":"Organization","@id":"https:\/\/staging.diocesitn.it\/area-annuncio\/#organization","name":"Area Annuncio e Sacramenti - Chiesa di Trento","url":"https:\/\/staging.diocesitn.it\/area-annuncio\/","logo":{"@type":"ImageObject","inLanguage":"it-IT","@id":"https:\/\/staging.diocesitn.it\/area-annuncio\/#\/schema\/logo\/image\/","url":"https:\/\/staging.diocesitn.it\/area-annuncio\/wp-content\/uploads\/sites\/39\/2021\/09\/og-logo-annuncio-e-sacramenti.jpg","contentUrl":"https:\/\/staging.diocesitn.it\/area-annuncio\/wp-content\/uploads\/sites\/39\/2021\/09\/og-logo-annuncio-e-sacramenti.jpg","width":1200,"height":630,"caption":"Area Annuncio e Sacramenti - Chiesa di Trento"},"image":{"@id":"https:\/\/staging.diocesitn.it\/area-annuncio\/#\/schema\/logo\/image\/"},"sameAs":["https:\/\/www.facebook.com\/pastoralegiovanile.trento\/","https:\/\/www.instagram.com\/pastoralegiovaniletrento\/","https:\/\/www.youtube.com\/channel\/UCGt7hyJaIQIkrQPos4K6L6w"]}]}},"_links":{"self":[{"href":"https:\/\/staging.diocesitn.it\/area-annuncio\/wp-json\/wp\/v2\/pages\/12171","targetHints":{"allow":["GET"]}}],"collection":[{"href":"https:\/\/staging.diocesitn.it\/area-annuncio\/wp-json\/wp\/v2\/pages"}],"about":[{"href":"https:\/\/staging.diocesitn.it\/area-annuncio\/wp-json\/wp\/v2\/types\/page"}],"author":[{"embeddable":true,"href":"https:\/\/staging.diocesitn.it\/area-annuncio\/wp-json\/wp\/v2\/users\/30"}],"replies":[{"embeddable":true,"href":"https:\/\/staging.diocesitn.it\/area-annuncio\/wp-json\/wp\/v2\/comments?post=12171"}],"version-history":[{"count":3,"href":"https:\/\/staging.diocesitn.it\/area-annuncio\/wp-json\/wp\/v2\/pages\/12171\/revisions"}],"predecessor-version":[{"id":12533,"href":"https:\/\/staging.diocesitn.it\/area-annuncio\/wp-json\/wp\/v2\/pages\/12171\/revisions\/12533"}],"wp:attachment":[{"href":"https:\/\/staging.diocesitn.it\/area-annuncio\/wp-json\/wp\/v2\/media?parent=12171"}],"curies":[{"name":"wp","href":"https:\/\/api.w.org\/{rel}","templated":true}]}}