{"id":5868,"date":"2019-02-04T11:41:49","date_gmt":"2019-02-04T10:41:49","guid":{"rendered":"https:\/\/staging.diocesitn.it\/area-annuncio\/?page_id=5868"},"modified":"2020-11-30T16:55:37","modified_gmt":"2020-11-30T15:55:37","slug":"formazione","status":"publish","type":"page","link":"https:\/\/staging.diocesitn.it\/area-annuncio\/formazione\/","title":{"rendered":"FORMAZIONE"},"content":{"rendered":"<p>\u00abLa madre chiesa desidera ardentemente che tutti i fedeli vengano guidati a quella piena, consapevole e attiva partecipazione delle celebrazioni liturgiche, che \u00e8 richiesta dalla natura della stessa liturgia e alla quale il popolo cristiano, &#8220;stirpe eletta, sacerdozio regale, nazione santa, popolo che Dio si \u00e8 acquistato&#8221; (1Pt 2,9; cfr. 2,4-5), ha diritto e dovere in forza del battesimo. A tale piena e attiva partecipazione di tutto il popolo va dedicata una specialissima cura nella riforma e nell&#8217;incremento della liturgia: essa infatti \u00e8 la prima e per di pi\u00f9 necessaria sorgente dalla quale i fedeli possano attingere uno spirito veramente cristiano; e perci\u00f2 i pastori d&#8217;anime, in tutta la loro attivit\u00e0 pastorale, devono cercare di ottenerla attraverso un&#8217;adeguata formazione\u00bb (<em>Sacrosanctum concilium<\/em>, 14).<\/p>\n<p>\u00abI pastori d&#8217;anime curino con zelo e pazienza la formazione liturgica e la partecipazione attiva dei fedeli, interiore ed esteriore, secondo la loro et\u00e0, condizione, genere di vita e grado di cultura religiosa, assolvendo cos\u00ec uno dei principali doveri del fedele dispensatore dei misteri di Dio. E in questo campo cerchino di guidare il loro gregge non solo con la parola, ma anche con l&#8217;esempio\u00bb (<em>Sacrosanctum concilium<\/em>, 19).<\/p>\n<p>Due puntate per la presentazione della III edizione del Messale Romano<\/p>\n<p><a href=\"https:\/\/www.youtube.com\/watch?v=JoqOe3ckjHg&amp;feature=youtu.be\" target=\"_blank\" rel=\"noopener noreferrer\"><strong>Prima puntata<\/strong><\/a><br \/>\n<a href=\"https:\/\/www.youtube.com\/watch?v=vHsPhvd3r30&amp;feature=youtu.be\" target=\"_blank\" rel=\"noopener noreferrer\"><strong>Seconda puntata<\/strong><\/a><\/p>\n<ul>\n<li><a href=\"https:\/\/staging.diocesitn.it\/area-annuncio\/ministri-straordinari-della-comunione\/\" target=\"_blank\" rel=\"noopener noreferrer\"><strong>Ministri straordinari della Comunione<\/strong><\/a><\/li>\n<li><a href=\"https:\/\/staging.diocesitn.it\/area-annuncio\/ministri-del-canto\/\" target=\"_blank\" rel=\"noopener noreferrer\"><strong>Ministri del canto<\/strong><\/a><\/li>\n<li><a href=\"https:\/\/staging.diocesitn.it\/area-annuncio\/ministri-della-parola\/\" target=\"_blank\" rel=\"noopener noreferrer\"><strong>Ministri della Parola<\/strong><\/a><\/li>\n<li><a href=\"https:\/\/staging.diocesitn.it\/area-annuncio\/unione-diocesana-sacristi\/\" target=\"_blank\" rel=\"noopener noreferrer\"><strong>Addetti al culto<\/strong><\/a><\/li>\n<\/ul>\n<p>&nbsp;<\/p>\n","protected":false},"excerpt":{"rendered":"<p>\u00abLa madre chiesa desidera ardentemente che tutti i fedeli vengano guidati a quella piena, consapevole e attiva partecipazione delle celebrazioni liturgiche, che \u00e8 richiesta dalla natura della stessa liturgia e alla quale il popolo cristiano,<\/p>\n","protected":false},"author":31,"featured_media":5954,"parent":0,"menu_order":0,"comment_status":"closed","ping_status":"closed","template":"","meta":{"footnotes":""},"class_list":["post-5868","page","type-page","status-publish","has-post-thumbnail","hentry"],"acf":{"seed-localization-paese-cod":"IT","seed-localization-address":"","seed-localization-citta":"Trento","seed-localization-regione-cod-istat":"04","seed-localization-citta-cod-istat":"022205","seed-localization-localita":"","seed-localization-cap":"","seed-localization-marker-visibility":false,"seed-localization-children-visibility":false,"seed-localization-kml":"","seed-localization-custom-marker":""},"yoast_head":"<!-- This site is optimized with the Yoast SEO plugin v22.2 - https:\/\/yoast.com\/wordpress\/plugins\/seo\/ -->\n<title>FORMAZIONE - Annuncio e Sacramenti<\/title>\n<meta name=\"robots\" content=\"index, follow, max-snippet:-1, max-image-preview:large, max-video-preview:-1\" \/>\n<link rel=\"canonical\" href=\"https:\/\/staging.diocesitn.it\/area-annuncio\/formazione\/\" \/>\n<meta property=\"og:locale\" content=\"it_IT\" \/>\n<meta property=\"og:type\" content=\"article\" \/>\n<meta property=\"og:title\" content=\"FORMAZIONE - Annuncio e Sacramenti\" \/>\n<meta property=\"og:description\" content=\"\u00abLa madre chiesa desidera ardentemente che tutti i fedeli vengano guidati a quella piena, consapevole e attiva partecipazione delle celebrazioni liturgiche, che \u00e8 richiesta dalla natura della stessa liturgia e alla quale il popolo cristiano,\" \/>\n<meta property=\"og:url\" content=\"https:\/\/staging.diocesitn.it\/area-annuncio\/formazione\/\" \/>\n<meta property=\"og:site_name\" content=\"Annuncio e Sacramenti\" \/>\n<meta property=\"article:publisher\" content=\"https:\/\/www.facebook.com\/pastoralegiovanile.trento\/\" \/>\n<meta property=\"article:modified_time\" content=\"2020-11-30T15:55:37+00:00\" \/>\n<meta property=\"og:image\" content=\"https:\/\/staging.diocesitn.it\/area-annuncio\/wp-content\/uploads\/sites\/39\/2019\/02\/library-at-trinity-college-1527439796Sb2.jpg\" \/>\n\t<meta property=\"og:image:width\" content=\"1920\" \/>\n\t<meta property=\"og:image:height\" content=\"1280\" \/>\n\t<meta property=\"og:image:type\" content=\"image\/jpeg\" \/>\n<meta name=\"twitter:card\" content=\"summary_large_image\" \/>\n<meta name=\"twitter:label1\" content=\"Tempo di lettura stimato\" \/>\n\t<meta name=\"twitter:data1\" content=\"1 minuto\" \/>\n<script type=\"application\/ld+json\" class=\"yoast-schema-graph\">{\"@context\":\"https:\/\/schema.org\",\"@graph\":[{\"@type\":\"WebPage\",\"@id\":\"https:\/\/staging.diocesitn.it\/area-annuncio\/formazione\/\",\"url\":\"https:\/\/staging.diocesitn.it\/area-annuncio\/formazione\/\",\"name\":\"FORMAZIONE - Annuncio e Sacramenti\",\"isPartOf\":{\"@id\":\"https:\/\/staging.diocesitn.it\/area-annuncio\/#website\"},\"primaryImageOfPage\":{\"@id\":\"https:\/\/staging.diocesitn.it\/area-annuncio\/formazione\/#primaryimage\"},\"image\":{\"@id\":\"https:\/\/staging.diocesitn.it\/area-annuncio\/formazione\/#primaryimage\"},\"thumbnailUrl\":\"https:\/\/staging.diocesitn.it\/area-annuncio\/wp-content\/uploads\/sites\/39\/2019\/02\/library-at-trinity-college-1527439796Sb2.jpg\",\"datePublished\":\"2019-02-04T10:41:49+00:00\",\"dateModified\":\"2020-11-30T15:55:37+00:00\",\"breadcrumb\":{\"@id\":\"https:\/\/staging.diocesitn.it\/area-annuncio\/formazione\/#breadcrumb\"},\"inLanguage\":\"it-IT\",\"potentialAction\":[{\"@type\":\"ReadAction\",\"target\":[\"https:\/\/staging.diocesitn.it\/area-annuncio\/formazione\/\"]}]},{\"@type\":\"ImageObject\",\"inLanguage\":\"it-IT\",\"@id\":\"https:\/\/staging.diocesitn.it\/area-annuncio\/formazione\/#primaryimage\",\"url\":\"https:\/\/staging.diocesitn.it\/area-annuncio\/wp-content\/uploads\/sites\/39\/2019\/02\/library-at-trinity-college-1527439796Sb2.jpg\",\"contentUrl\":\"https:\/\/staging.diocesitn.it\/area-annuncio\/wp-content\/uploads\/sites\/39\/2019\/02\/library-at-trinity-college-1527439796Sb2.jpg\",\"width\":1920,\"height\":1280},{\"@type\":\"BreadcrumbList\",\"@id\":\"https:\/\/staging.diocesitn.it\/area-annuncio\/formazione\/#breadcrumb\",\"itemListElement\":[{\"@type\":\"ListItem\",\"position\":1,\"name\":\"Home\",\"item\":\"https:\/\/staging.diocesitn.it\/area-annuncio\/\"},{\"@type\":\"ListItem\",\"position\":2,\"name\":\"FORMAZIONE\"}]},{\"@type\":\"WebSite\",\"@id\":\"https:\/\/staging.diocesitn.it\/area-annuncio\/#website\",\"url\":\"https:\/\/staging.diocesitn.it\/area-annuncio\/\",\"name\":\"Annuncio e Sacramenti\",\"description\":\"Chiesa di Trento\",\"publisher\":{\"@id\":\"https:\/\/staging.diocesitn.it\/area-annuncio\/#organization\"},\"potentialAction\":[{\"@type\":\"SearchAction\",\"target\":{\"@type\":\"EntryPoint\",\"urlTemplate\":\"https:\/\/staging.diocesitn.it\/area-annuncio\/?s={search_term_string}\"},\"query-input\":\"required name=search_term_string\"}],\"inLanguage\":\"it-IT\"},{\"@type\":\"Organization\",\"@id\":\"https:\/\/staging.diocesitn.it\/area-annuncio\/#organization\",\"name\":\"Area Annuncio e Sacramenti - Chiesa di Trento\",\"url\":\"https:\/\/staging.diocesitn.it\/area-annuncio\/\",\"logo\":{\"@type\":\"ImageObject\",\"inLanguage\":\"it-IT\",\"@id\":\"https:\/\/staging.diocesitn.it\/area-annuncio\/#\/schema\/logo\/image\/\",\"url\":\"https:\/\/staging.diocesitn.it\/area-annuncio\/wp-content\/uploads\/sites\/39\/2021\/09\/og-logo-annuncio-e-sacramenti.jpg\",\"contentUrl\":\"https:\/\/staging.diocesitn.it\/area-annuncio\/wp-content\/uploads\/sites\/39\/2021\/09\/og-logo-annuncio-e-sacramenti.jpg\",\"width\":1200,\"height\":630,\"caption\":\"Area Annuncio e Sacramenti - Chiesa di Trento\"},\"image\":{\"@id\":\"https:\/\/staging.diocesitn.it\/area-annuncio\/#\/schema\/logo\/image\/\"},\"sameAs\":[\"https:\/\/www.facebook.com\/pastoralegiovanile.trento\/\",\"https:\/\/www.instagram.com\/pastoralegiovaniletrento\/\",\"https:\/\/www.youtube.com\/channel\/UCGt7hyJaIQIkrQPos4K6L6w\"]}]}<\/script>\n<!-- \/ Yoast SEO plugin. -->","yoast_head_json":{"title":"FORMAZIONE - Annuncio e Sacramenti","robots":{"index":"index","follow":"follow","max-snippet":"max-snippet:-1","max-image-preview":"max-image-preview:large","max-video-preview":"max-video-preview:-1"},"canonical":"https:\/\/staging.diocesitn.it\/area-annuncio\/formazione\/","og_locale":"it_IT","og_type":"article","og_title":"FORMAZIONE - Annuncio e Sacramenti","og_description":"\u00abLa madre chiesa desidera ardentemente che tutti i fedeli vengano guidati a quella piena, consapevole e attiva partecipazione delle celebrazioni liturgiche, che \u00e8 richiesta dalla natura della stessa liturgia e alla quale il popolo cristiano,","og_url":"https:\/\/staging.diocesitn.it\/area-annuncio\/formazione\/","og_site_name":"Annuncio e Sacramenti","article_publisher":"https:\/\/www.facebook.com\/pastoralegiovanile.trento\/","article_modified_time":"2020-11-30T15:55:37+00:00","og_image":[{"width":1920,"height":1280,"url":"https:\/\/staging.diocesitn.it\/area-annuncio\/wp-content\/uploads\/sites\/39\/2019\/02\/library-at-trinity-college-1527439796Sb2.jpg","type":"image\/jpeg"}],"twitter_card":"summary_large_image","twitter_misc":{"Tempo di lettura stimato":"1 minuto"},"schema":{"@context":"https:\/\/schema.org","@graph":[{"@type":"WebPage","@id":"https:\/\/staging.diocesitn.it\/area-annuncio\/formazione\/","url":"https:\/\/staging.diocesitn.it\/area-annuncio\/formazione\/","name":"FORMAZIONE - Annuncio e Sacramenti","isPartOf":{"@id":"https:\/\/staging.diocesitn.it\/area-annuncio\/#website"},"primaryImageOfPage":{"@id":"https:\/\/staging.diocesitn.it\/area-annuncio\/formazione\/#primaryimage"},"image":{"@id":"https:\/\/staging.diocesitn.it\/area-annuncio\/formazione\/#primaryimage"},"thumbnailUrl":"https:\/\/staging.diocesitn.it\/area-annuncio\/wp-content\/uploads\/sites\/39\/2019\/02\/library-at-trinity-college-1527439796Sb2.jpg","datePublished":"2019-02-04T10:41:49+00:00","dateModified":"2020-11-30T15:55:37+00:00","breadcrumb":{"@id":"https:\/\/staging.diocesitn.it\/area-annuncio\/formazione\/#breadcrumb"},"inLanguage":"it-IT","potentialAction":[{"@type":"ReadAction","target":["https:\/\/staging.diocesitn.it\/area-annuncio\/formazione\/"]}]},{"@type":"ImageObject","inLanguage":"it-IT","@id":"https:\/\/staging.diocesitn.it\/area-annuncio\/formazione\/#primaryimage","url":"https:\/\/staging.diocesitn.it\/area-annuncio\/wp-content\/uploads\/sites\/39\/2019\/02\/library-at-trinity-college-1527439796Sb2.jpg","contentUrl":"https:\/\/staging.diocesitn.it\/area-annuncio\/wp-content\/uploads\/sites\/39\/2019\/02\/library-at-trinity-college-1527439796Sb2.jpg","width":1920,"height":1280},{"@type":"BreadcrumbList","@id":"https:\/\/staging.diocesitn.it\/area-annuncio\/formazione\/#breadcrumb","itemListElement":[{"@type":"ListItem","position":1,"name":"Home","item":"https:\/\/staging.diocesitn.it\/area-annuncio\/"},{"@type":"ListItem","position":2,"name":"FORMAZIONE"}]},{"@type":"WebSite","@id":"https:\/\/staging.diocesitn.it\/area-annuncio\/#website","url":"https:\/\/staging.diocesitn.it\/area-annuncio\/","name":"Annuncio e Sacramenti","description":"Chiesa di Trento","publisher":{"@id":"https:\/\/staging.diocesitn.it\/area-annuncio\/#organization"},"potentialAction":[{"@type":"SearchAction","target":{"@type":"EntryPoint","urlTemplate":"https:\/\/staging.diocesitn.it\/area-annuncio\/?s={search_term_string}"},"query-input":"required name=search_term_string"}],"inLanguage":"it-IT"},{"@type":"Organization","@id":"https:\/\/staging.diocesitn.it\/area-annuncio\/#organization","name":"Area Annuncio e Sacramenti - Chiesa di Trento","url":"https:\/\/staging.diocesitn.it\/area-annuncio\/","logo":{"@type":"ImageObject","inLanguage":"it-IT","@id":"https:\/\/staging.diocesitn.it\/area-annuncio\/#\/schema\/logo\/image\/","url":"https:\/\/staging.diocesitn.it\/area-annuncio\/wp-content\/uploads\/sites\/39\/2021\/09\/og-logo-annuncio-e-sacramenti.jpg","contentUrl":"https:\/\/staging.diocesitn.it\/area-annuncio\/wp-content\/uploads\/sites\/39\/2021\/09\/og-logo-annuncio-e-sacramenti.jpg","width":1200,"height":630,"caption":"Area Annuncio e Sacramenti - Chiesa di Trento"},"image":{"@id":"https:\/\/staging.diocesitn.it\/area-annuncio\/#\/schema\/logo\/image\/"},"sameAs":["https:\/\/www.facebook.com\/pastoralegiovanile.trento\/","https:\/\/www.instagram.com\/pastoralegiovaniletrento\/","https:\/\/www.youtube.com\/channel\/UCGt7hyJaIQIkrQPos4K6L6w"]}]}},"_links":{"self":[{"href":"https:\/\/staging.diocesitn.it\/area-annuncio\/wp-json\/wp\/v2\/pages\/5868","targetHints":{"allow":["GET"]}}],"collection":[{"href":"https:\/\/staging.diocesitn.it\/area-annuncio\/wp-json\/wp\/v2\/pages"}],"about":[{"href":"https:\/\/staging.diocesitn.it\/area-annuncio\/wp-json\/wp\/v2\/types\/page"}],"author":[{"embeddable":true,"href":"https:\/\/staging.diocesitn.it\/area-annuncio\/wp-json\/wp\/v2\/users\/31"}],"replies":[{"embeddable":true,"href":"https:\/\/staging.diocesitn.it\/area-annuncio\/wp-json\/wp\/v2\/comments?post=5868"}],"version-history":[{"count":3,"href":"https:\/\/staging.diocesitn.it\/area-annuncio\/wp-json\/wp\/v2\/pages\/5868\/revisions"}],"predecessor-version":[{"id":11033,"href":"https:\/\/staging.diocesitn.it\/area-annuncio\/wp-json\/wp\/v2\/pages\/5868\/revisions\/11033"}],"wp:featuredmedia":[{"embeddable":true,"href":"https:\/\/staging.diocesitn.it\/area-annuncio\/wp-json\/wp\/v2\/media\/5954"}],"wp:attachment":[{"href":"https:\/\/staging.diocesitn.it\/area-annuncio\/wp-json\/wp\/v2\/media?parent=5868"}],"curies":[{"name":"wp","href":"https:\/\/api.w.org\/{rel}","templated":true}]}}