{"id":1993,"date":"2008-02-28T12:01:00","date_gmt":"2008-02-28T11:01:00","guid":{"rendered":"http:\/\/staging.diocesitn.it\/consultasalute\/associazione-cattolica-operatori-sanitari\/"},"modified":"2020-03-16T08:38:29","modified_gmt":"2020-03-16T07:38:29","slug":"acos","status":"publish","type":"page","link":"https:\/\/staging.diocesitn.it\/area-testimonianza\/consulta-della-salute\/associazioni-aderenti\/acos\/","title":{"rendered":"Associazione Cattolica Operatori Sanitari"},"content":{"rendered":"<div class=\"entry-content-page\">\n<div>L\u2019A.C.O.S. (Associazione Cattolica Operatori Sanitari) \u00e8 un\u2019associazione di persone che si impegnano liberamente, in forma comunitaria e organica per il proprio perfezionamento morale e professionale, per la promozione cristiana dei servizi e ambienti socio-sanitari. L\u2019A.C.O.S. vuol essere punto di riferimento degli operatori socio-sanitari che ritrovano la propria identit\u00e0 cristiana nel lavoro.<br \/>\nCompito dell\u2019associazione non \u00e8 di formare ad una precisa identit\u00e0 cristiana, n\u00e9 di formare dal punto di vista professionale (sia l\u2019identit\u00e0 cristiana che la professionalit\u00e0 sono \u00abpresupposti\u00bb).<br \/>\nLo specifico dell\u2019A.C.O.S. sta nell&#8217;aiutare gli iscritti a \u00abconiugare\u00bb la competenza tecnico-professionale e l\u2019identit\u00e0 cristiana nell&#8217;esercizio professionale.<br \/>\nPer chiedere informazioni o contattarci via e-mail: <a href=\"mailto:acos-trento@gmail.com\">acos-trento@gmail.com<\/a><\/div>\n<div>Iniziative a livello nazionale:\u00a0<a href=\"http:\/\/www.acos-nazionale.it\">www.acos-nazionale.it<\/a><\/div>\n<div><\/div>\n<div>L\u2019A.C.O.S. persegue le sue finalit\u00e0 mediante:<\/div>\n<ul>\n<li>riunioni di gruppo nelle varie case di cura<\/li>\n<li>settimane di studio<\/li>\n<li>commissioni permanenti di studio<\/li>\n<li>attivit\u00e0 culturali, sociali e assistenziali<\/li>\n<li>pubblicazioni<\/li>\n<\/ul>\n<div><strong>Sede<\/strong><br \/>\nPresso il Servizio Salute, Pellegrinaggi, Anziani<br \/>\nTrento, via Barbacovi, 4 \u2013 tel. 0461\/891.155<\/div>\n<div><\/div>\n<div><strong>Rinnovo iscrizione A.C.O.S.<\/strong><br \/>\nBonifico Bancario (entro febbraio) intestato a: A.C.O.S. via Barbacovi 4 \u2013 38122 Trento<br \/>\nEuro 25,00 (iscrizione annua)<br \/>\nEuro 50,00 (sostenitori)<\/div>\n<h6><\/h6>\n<p><strong>IBAN:<\/strong>\u00a0 IT 91 U 030 6901 8590 0000 4028 878<br \/>\nINTESA SAN PAOLO \u2013 Viale Verona n, 128<\/p>\n<p><a href=\"https:\/\/staging.diocesitn.it\/area-testimonianza\/acos\/rinnovo-cariche\/\"><strong>Rinnovo della Presidenza regionale ACOS<\/strong><\/a> <strong>per il quadriennio 2018-2022 e delegati al Congresso nazionale ACOS<\/strong><\/p>\n<div><\/div>\n<hr \/>\n<p style=\"text-align: center;\"><strong>\u00a0ultimo Seminario di studio:<\/strong><\/p>\n<p style=\"text-align: center;\"><strong><a href=\"https:\/\/staging.diocesitn.it\/area-testimonianza\/wp-content\/uploads\/sites\/37\/2019\/08\/ACOS-ottobre-2019-depliant.pdf\" target=\"_blank\" rel=\"noopener noreferrer\">LE PAROLE CURANO? CURIAMO LE PAROLE!<\/a><br \/>\n<\/strong><\/p>\n<div style=\"text-align: center;\"><strong>\u00a011-12 ottobre 2019<br \/>\n<\/strong><\/div>\n<p style=\"text-align: center;\"><em>Arco (TN) \u2013 Casin\u00f2 municipale via delle Magnolie 9<br \/>\n<\/em><\/p>\n<div style=\"text-align: center;\"><\/div>\n<div><\/div>\n<div><\/div>\n<div>\n<div id=\"attachment_1547\" class=\"wp-caption alignleft\">\n<p>&nbsp;<\/p>\n<\/div>\n<div id=\"attachment_1548\" class=\"wp-caption alignleft\">\n<p class=\"wp-caption-text\">\n<\/div>\n<\/div>\n<\/div>\n<div><\/div>\n<div><\/div>\n<div><\/div>\n","protected":false},"excerpt":{"rendered":"<p>L\u2019A.C.O.S. (Associazione Cattolica Operatori Sanitari) \u00e8 un\u2019associazione di persone che si impegnano liberamente, in forma comunitaria e organica per il proprio perfezionamento morale e professionale, per la promozione cristiana dei servizi e ambienti socio-sanitari. L\u2019A.C.O.S.<\/p>\n","protected":false},"author":4,"featured_media":0,"parent":5518,"menu_order":3,"comment_status":"closed","ping_status":"closed","template":"","meta":{"footnotes":""},"class_list":["post-1993","page","type-page","status-publish","hentry"],"acf":{"seed-localization-paese-cod":"","seed-localization-address":"","seed-localization-citta":"","seed-localization-regione-cod-istat":"","seed-localization-citta-cod-istat":"","seed-localization-localita":"","seed-localization-cap":"","seed-localization-marker-visibility":false,"seed-localization-children-visibility":false,"seed-localization-kml":"","seed-localization-custom-marker":""},"yoast_head":"<!-- This site is optimized with the Yoast SEO plugin v22.2 - https:\/\/yoast.com\/wordpress\/plugins\/seo\/ -->\n<title>Associazione Cattolica Operatori Sanitari - Testimonianza e Impegno sociale<\/title>\n<meta name=\"robots\" content=\"index, follow, max-snippet:-1, max-image-preview:large, max-video-preview:-1\" \/>\n<link rel=\"canonical\" href=\"https:\/\/staging.diocesitn.it\/area-testimonianza\/consulta-della-salute\/associazioni-aderenti\/acos\/\" \/>\n<meta property=\"og:locale\" content=\"it_IT\" \/>\n<meta property=\"og:type\" content=\"article\" \/>\n<meta property=\"og:title\" content=\"Associazione Cattolica Operatori Sanitari - Testimonianza e Impegno sociale\" \/>\n<meta property=\"og:description\" content=\"L\u2019A.C.O.S. (Associazione Cattolica Operatori Sanitari) \u00e8 un\u2019associazione di persone che si impegnano liberamente, in forma comunitaria e organica per il proprio perfezionamento morale e professionale, per la promozione cristiana dei servizi e ambienti socio-sanitari. L\u2019A.C.O.S.\" \/>\n<meta property=\"og:url\" content=\"https:\/\/staging.diocesitn.it\/area-testimonianza\/consulta-della-salute\/associazioni-aderenti\/acos\/\" \/>\n<meta property=\"og:site_name\" content=\"Testimonianza e Impegno sociale\" \/>\n<meta property=\"article:modified_time\" content=\"2020-03-16T07:38:29+00:00\" \/>\n<meta property=\"og:image\" content=\"https:\/\/staging.diocesitn.it\/area-testimonianza\/wp-content\/uploads\/sites\/37\/2021\/09\/og-logo-testimonianza-e-impegno-sociale.jpg\" \/>\n\t<meta property=\"og:image:width\" content=\"1200\" \/>\n\t<meta property=\"og:image:height\" content=\"630\" \/>\n\t<meta property=\"og:image:type\" content=\"image\/jpeg\" \/>\n<meta name=\"twitter:card\" content=\"summary_large_image\" \/>\n<meta name=\"twitter:label1\" content=\"Tempo di lettura stimato\" \/>\n\t<meta name=\"twitter:data1\" content=\"1 minuto\" \/>\n<script type=\"application\/ld+json\" class=\"yoast-schema-graph\">{\"@context\":\"https:\/\/schema.org\",\"@graph\":[{\"@type\":\"WebPage\",\"@id\":\"https:\/\/staging.diocesitn.it\/area-testimonianza\/consulta-della-salute\/associazioni-aderenti\/acos\/\",\"url\":\"https:\/\/staging.diocesitn.it\/area-testimonianza\/consulta-della-salute\/associazioni-aderenti\/acos\/\",\"name\":\"Associazione Cattolica Operatori Sanitari - Testimonianza e Impegno sociale\",\"isPartOf\":{\"@id\":\"https:\/\/staging.diocesitn.it\/area-testimonianza\/#website\"},\"datePublished\":\"2008-02-28T11:01:00+00:00\",\"dateModified\":\"2020-03-16T07:38:29+00:00\",\"breadcrumb\":{\"@id\":\"https:\/\/staging.diocesitn.it\/area-testimonianza\/consulta-della-salute\/associazioni-aderenti\/acos\/#breadcrumb\"},\"inLanguage\":\"it-IT\",\"potentialAction\":[{\"@type\":\"ReadAction\",\"target\":[\"https:\/\/staging.diocesitn.it\/area-testimonianza\/consulta-della-salute\/associazioni-aderenti\/acos\/\"]}]},{\"@type\":\"BreadcrumbList\",\"@id\":\"https:\/\/staging.diocesitn.it\/area-testimonianza\/consulta-della-salute\/associazioni-aderenti\/acos\/#breadcrumb\",\"itemListElement\":[{\"@type\":\"ListItem\",\"position\":1,\"name\":\"Home\",\"item\":\"https:\/\/staging.diocesitn.it\/area-testimonianza\/\"},{\"@type\":\"ListItem\",\"position\":2,\"name\":\"Consulta della Salute\",\"item\":\"https:\/\/staging.diocesitn.it\/area-testimonianza\/consulta-della-salute\/\"},{\"@type\":\"ListItem\",\"position\":3,\"name\":\"Associazioni aderenti alla Consulta della Salute\",\"item\":\"https:\/\/staging.diocesitn.it\/area-testimonianza\/consulta-della-salute\/associazioni-aderenti\/\"},{\"@type\":\"ListItem\",\"position\":4,\"name\":\"Associazione Cattolica Operatori Sanitari\"}]},{\"@type\":\"WebSite\",\"@id\":\"https:\/\/staging.diocesitn.it\/area-testimonianza\/#website\",\"url\":\"https:\/\/staging.diocesitn.it\/area-testimonianza\/\",\"name\":\"Testimonianza e Impegno sociale\",\"description\":\"Chiesa di Trento\",\"publisher\":{\"@id\":\"https:\/\/staging.diocesitn.it\/area-testimonianza\/#organization\"},\"potentialAction\":[{\"@type\":\"SearchAction\",\"target\":{\"@type\":\"EntryPoint\",\"urlTemplate\":\"https:\/\/staging.diocesitn.it\/area-testimonianza\/?s={search_term_string}\"},\"query-input\":\"required name=search_term_string\"}],\"inLanguage\":\"it-IT\"},{\"@type\":\"Organization\",\"@id\":\"https:\/\/staging.diocesitn.it\/area-testimonianza\/#organization\",\"name\":\"Area Testimonianza e Impegno Sociale - Chiesa di Trento\",\"url\":\"https:\/\/staging.diocesitn.it\/area-testimonianza\/\",\"logo\":{\"@type\":\"ImageObject\",\"inLanguage\":\"it-IT\",\"@id\":\"https:\/\/staging.diocesitn.it\/area-testimonianza\/#\/schema\/logo\/image\/\",\"url\":\"https:\/\/staging.diocesitn.it\/area-testimonianza\/wp-content\/uploads\/sites\/37\/2021\/09\/og-logo-testimonianza-e-impegno-sociale.jpg\",\"contentUrl\":\"https:\/\/staging.diocesitn.it\/area-testimonianza\/wp-content\/uploads\/sites\/37\/2021\/09\/og-logo-testimonianza-e-impegno-sociale.jpg\",\"width\":1200,\"height\":630,\"caption\":\"Area Testimonianza e Impegno Sociale - Chiesa di Trento\"},\"image\":{\"@id\":\"https:\/\/staging.diocesitn.it\/area-testimonianza\/#\/schema\/logo\/image\/\"}}]}<\/script>\n<!-- \/ Yoast SEO plugin. -->","yoast_head_json":{"title":"Associazione Cattolica Operatori Sanitari - Testimonianza e Impegno sociale","robots":{"index":"index","follow":"follow","max-snippet":"max-snippet:-1","max-image-preview":"max-image-preview:large","max-video-preview":"max-video-preview:-1"},"canonical":"https:\/\/staging.diocesitn.it\/area-testimonianza\/consulta-della-salute\/associazioni-aderenti\/acos\/","og_locale":"it_IT","og_type":"article","og_title":"Associazione Cattolica Operatori Sanitari - Testimonianza e Impegno sociale","og_description":"L\u2019A.C.O.S. (Associazione Cattolica Operatori Sanitari) \u00e8 un\u2019associazione di persone che si impegnano liberamente, in forma comunitaria e organica per il proprio perfezionamento morale e professionale, per la promozione cristiana dei servizi e ambienti socio-sanitari. L\u2019A.C.O.S.","og_url":"https:\/\/staging.diocesitn.it\/area-testimonianza\/consulta-della-salute\/associazioni-aderenti\/acos\/","og_site_name":"Testimonianza e Impegno sociale","article_modified_time":"2020-03-16T07:38:29+00:00","og_image":[{"width":1200,"height":630,"url":"https:\/\/staging.diocesitn.it\/area-testimonianza\/wp-content\/uploads\/sites\/37\/2021\/09\/og-logo-testimonianza-e-impegno-sociale.jpg","type":"image\/jpeg"}],"twitter_card":"summary_large_image","twitter_misc":{"Tempo di lettura stimato":"1 minuto"},"schema":{"@context":"https:\/\/schema.org","@graph":[{"@type":"WebPage","@id":"https:\/\/staging.diocesitn.it\/area-testimonianza\/consulta-della-salute\/associazioni-aderenti\/acos\/","url":"https:\/\/staging.diocesitn.it\/area-testimonianza\/consulta-della-salute\/associazioni-aderenti\/acos\/","name":"Associazione Cattolica Operatori Sanitari - Testimonianza e Impegno sociale","isPartOf":{"@id":"https:\/\/staging.diocesitn.it\/area-testimonianza\/#website"},"datePublished":"2008-02-28T11:01:00+00:00","dateModified":"2020-03-16T07:38:29+00:00","breadcrumb":{"@id":"https:\/\/staging.diocesitn.it\/area-testimonianza\/consulta-della-salute\/associazioni-aderenti\/acos\/#breadcrumb"},"inLanguage":"it-IT","potentialAction":[{"@type":"ReadAction","target":["https:\/\/staging.diocesitn.it\/area-testimonianza\/consulta-della-salute\/associazioni-aderenti\/acos\/"]}]},{"@type":"BreadcrumbList","@id":"https:\/\/staging.diocesitn.it\/area-testimonianza\/consulta-della-salute\/associazioni-aderenti\/acos\/#breadcrumb","itemListElement":[{"@type":"ListItem","position":1,"name":"Home","item":"https:\/\/staging.diocesitn.it\/area-testimonianza\/"},{"@type":"ListItem","position":2,"name":"Consulta della Salute","item":"https:\/\/staging.diocesitn.it\/area-testimonianza\/consulta-della-salute\/"},{"@type":"ListItem","position":3,"name":"Associazioni aderenti alla Consulta della Salute","item":"https:\/\/staging.diocesitn.it\/area-testimonianza\/consulta-della-salute\/associazioni-aderenti\/"},{"@type":"ListItem","position":4,"name":"Associazione Cattolica Operatori Sanitari"}]},{"@type":"WebSite","@id":"https:\/\/staging.diocesitn.it\/area-testimonianza\/#website","url":"https:\/\/staging.diocesitn.it\/area-testimonianza\/","name":"Testimonianza e Impegno sociale","description":"Chiesa di Trento","publisher":{"@id":"https:\/\/staging.diocesitn.it\/area-testimonianza\/#organization"},"potentialAction":[{"@type":"SearchAction","target":{"@type":"EntryPoint","urlTemplate":"https:\/\/staging.diocesitn.it\/area-testimonianza\/?s={search_term_string}"},"query-input":"required name=search_term_string"}],"inLanguage":"it-IT"},{"@type":"Organization","@id":"https:\/\/staging.diocesitn.it\/area-testimonianza\/#organization","name":"Area Testimonianza e Impegno Sociale - Chiesa di Trento","url":"https:\/\/staging.diocesitn.it\/area-testimonianza\/","logo":{"@type":"ImageObject","inLanguage":"it-IT","@id":"https:\/\/staging.diocesitn.it\/area-testimonianza\/#\/schema\/logo\/image\/","url":"https:\/\/staging.diocesitn.it\/area-testimonianza\/wp-content\/uploads\/sites\/37\/2021\/09\/og-logo-testimonianza-e-impegno-sociale.jpg","contentUrl":"https:\/\/staging.diocesitn.it\/area-testimonianza\/wp-content\/uploads\/sites\/37\/2021\/09\/og-logo-testimonianza-e-impegno-sociale.jpg","width":1200,"height":630,"caption":"Area Testimonianza e Impegno Sociale - Chiesa di Trento"},"image":{"@id":"https:\/\/staging.diocesitn.it\/area-testimonianza\/#\/schema\/logo\/image\/"}}]}},"_links":{"self":[{"href":"https:\/\/staging.diocesitn.it\/area-testimonianza\/wp-json\/wp\/v2\/pages\/1993","targetHints":{"allow":["GET"]}}],"collection":[{"href":"https:\/\/staging.diocesitn.it\/area-testimonianza\/wp-json\/wp\/v2\/pages"}],"about":[{"href":"https:\/\/staging.diocesitn.it\/area-testimonianza\/wp-json\/wp\/v2\/types\/page"}],"author":[{"embeddable":true,"href":"https:\/\/staging.diocesitn.it\/area-testimonianza\/wp-json\/wp\/v2\/users\/4"}],"replies":[{"embeddable":true,"href":"https:\/\/staging.diocesitn.it\/area-testimonianza\/wp-json\/wp\/v2\/comments?post=1993"}],"version-history":[{"count":3,"href":"https:\/\/staging.diocesitn.it\/area-testimonianza\/wp-json\/wp\/v2\/pages\/1993\/revisions"}],"predecessor-version":[{"id":7728,"href":"https:\/\/staging.diocesitn.it\/area-testimonianza\/wp-json\/wp\/v2\/pages\/1993\/revisions\/7728"}],"up":[{"embeddable":true,"href":"https:\/\/staging.diocesitn.it\/area-testimonianza\/wp-json\/wp\/v2\/pages\/5518"}],"wp:attachment":[{"href":"https:\/\/staging.diocesitn.it\/area-testimonianza\/wp-json\/wp\/v2\/media?parent=1993"}],"curies":[{"name":"wp","href":"https:\/\/api.w.org\/{rel}","templated":true}]}}